[INFO] cloning repository https://github.com/willdoescode/nat-poc
[INFO] running `Command { std: "git" "-c" "credential.helper=" "-c" "credential.helper=/workspace/cargo-home/bin/git-credential-null" "clone" "--bare" "https://github.com/willdoescode/nat-poc" "/workspace/cache/git-repos/https%3A%2F%2Fgithub.com%2Fwilldoescode%2Fnat-poc", kill_on_drop: false }`
[INFO] [stderr] Cloning into bare repository '/workspace/cache/git-repos/https%3A%2F%2Fgithub.com%2Fwilldoescode%2Fnat-poc'...
[INFO] running `Command { std: "git" "rev-parse" "HEAD", kill_on_drop: false }`
[INFO] [stdout] 102a5c76e1bd3368b0bdb46a9b09de55b7cbabb4
[INFO] building willdoescode/nat-poc against master#881c1ac408d93bb7adaa3a51dabab9266e82eee8 for issue-85264
[INFO] running `Command { std: "git" "clone" "/workspace/cache/git-repos/https%3A%2F%2Fgithub.com%2Fwilldoescode%2Fnat-poc" "/workspace/builds/worker-5/source", kill_on_drop: false }`
[INFO] [stderr] Cloning into '/workspace/builds/worker-5/source'...
[INFO] [stderr] done.
[INFO] validating manifest of git repo https://github.com/willdoescode/nat-poc on toolchain 881c1ac408d93bb7adaa3a51dabab9266e82eee8
[INFO] running `Command { std: "/workspace/cargo-home/bin/cargo" "+881c1ac408d93bb7adaa3a51dabab9266e82eee8" "metadata" "--manifest-path" "Cargo.toml" "--no-deps", kill_on_drop: false }`
[INFO] started tweaking git repo https://github.com/willdoescode/nat-poc
[INFO] finished tweaking git repo https://github.com/willdoescode/nat-poc
[INFO] tweaked toml for git repo https://github.com/willdoescode/nat-poc written to /workspace/builds/worker-5/source/Cargo.toml
[INFO] crate git repo https://github.com/willdoescode/nat-poc already has a lockfile, it will not be regenerated
[INFO] running `Command { std: "/workspace/cargo-home/bin/cargo" "+881c1ac408d93bb7adaa3a51dabab9266e82eee8" "fetch" "--manifest-path" "Cargo.toml", kill_on_drop: false }`
[INFO] [stderr]  Downloading crates ...
[INFO] [stderr]   Downloaded pretty-bytes v0.2.2
[INFO] [stderr]   Downloaded humansize v1.1.0
[INFO] [stderr]   Downloaded users v0.11.0
[INFO] [stderr]   Downloaded structopt v0.3.20
[INFO] [stderr]   Downloaded unicode-segmentation v1.7.0
[INFO] [stderr]   Downloaded syn v1.0.48
[INFO] [stderr]   Downloaded structopt-derive v0.4.13
[INFO] running `Command { std: "docker" "create" "-v" "/var/lib/crater-agent-workspace/builds/worker-5/target:/opt/rustwide/target:rw,Z" "-v" "/var/lib/crater-agent-workspace/builds/worker-5/source:/opt/rustwide/workdir:ro,Z" "-v" "/var/lib/crater-agent-workspace/cargo-home:/opt/rustwide/cargo-home:ro,Z" "-v" "/var/lib/crater-agent-workspace/rustup-home:/opt/rustwide/rustup-home:ro,Z" "-e" "SOURCE_DIR=/opt/rustwide/workdir" "-e" "CARGO_TARGET_DIR=/opt/rustwide/target" "-e" "CARGO_HOME=/opt/rustwide/cargo-home" "-e" "RUSTUP_HOME=/opt/rustwide/rustup-home" "-w" "/opt/rustwide/workdir" "-m" "1610612736" "--user" "0:0" "--network" "none" "ghcr.io/rust-lang/crates-build-env/linux@sha256:20528e8c29e4536546f0102ce88568b16ea7538393a33fcca951030f7af10457" "/opt/rustwide/cargo-home/bin/cargo" "+881c1ac408d93bb7adaa3a51dabab9266e82eee8" "metadata" "--no-deps" "--format-version=1", kill_on_drop: false }`
[INFO] [stdout] 9725df71c9428141a124d440ebd69b32d5aaa2814f9fedc7fe884116fde43b7f
[INFO] [stderr] WARNING: Your kernel does not support swap limit capabilities or the cgroup is not mounted. Memory limited without swap.
[INFO] running `Command { std: "docker" "start" "-a" "9725df71c9428141a124d440ebd69b32d5aaa2814f9fedc7fe884116fde43b7f", kill_on_drop: false }`
[INFO] running `Command { std: "docker" "inspect" "9725df71c9428141a124d440ebd69b32d5aaa2814f9fedc7fe884116fde43b7f", kill_on_drop: false }`
[INFO] running `Command { std: "docker" "rm" "-f" "9725df71c9428141a124d440ebd69b32d5aaa2814f9fedc7fe884116fde43b7f", kill_on_drop: false }`
[INFO] [stdout] 9725df71c9428141a124d440ebd69b32d5aaa2814f9fedc7fe884116fde43b7f
[INFO] running `Command { std: "docker" "create" "-v" "/var/lib/crater-agent-workspace/builds/worker-5/target:/opt/rustwide/target:rw,Z" "-v" "/var/lib/crater-agent-workspace/builds/worker-5/source:/opt/rustwide/workdir:ro,Z" "-v" "/var/lib/crater-agent-workspace/cargo-home:/opt/rustwide/cargo-home:ro,Z" "-v" "/var/lib/crater-agent-workspace/rustup-home:/opt/rustwide/rustup-home:ro,Z" "-e" "SOURCE_DIR=/opt/rustwide/workdir" "-e" "CARGO_TARGET_DIR=/opt/rustwide/target" "-e" "CARGO_INCREMENTAL=0" "-e" "RUST_BACKTRACE=full" "-e" "RUSTFLAGS=--cap-lints=forbid" "-e" "CARGO_HOME=/opt/rustwide/cargo-home" "-e" "RUSTUP_HOME=/opt/rustwide/rustup-home" "-w" "/opt/rustwide/workdir" "-m" "1610612736" "--user" "0:0" "--network" "none" "ghcr.io/rust-lang/crates-build-env/linux@sha256:20528e8c29e4536546f0102ce88568b16ea7538393a33fcca951030f7af10457" "/opt/rustwide/cargo-home/bin/cargo" "+881c1ac408d93bb7adaa3a51dabab9266e82eee8" "build" "--frozen" "--message-format=json", kill_on_drop: false }`
[INFO] [stdout] 2cb0f5e5f82e0ee0f40cc180f90ef0e8e9fb982a58ed6ff6f1ef7cbd587c634d
[INFO] [stderr] WARNING: Your kernel does not support swap limit capabilities or the cgroup is not mounted. Memory limited without swap.
[INFO] running `Command { std: "docker" "start" "-a" "2cb0f5e5f82e0ee0f40cc180f90ef0e8e9fb982a58ed6ff6f1ef7cbd587c634d", kill_on_drop: false }`
[INFO] [stderr]    Compiling syn v1.0.48
[INFO] [stderr]    Compiling unicode-width v0.1.8
[INFO] [stderr]    Compiling strsim v0.8.0
[INFO] [stderr]    Compiling ansi_term v0.11.0
[INFO] [stderr]    Compiling vec_map v0.8.2
[INFO] [stderr]    Compiling proc-macro-error-attr v1.0.4
[INFO] [stderr]    Compiling proc-macro-error v1.0.4
[INFO] [stderr]    Compiling num-traits v0.2.14
[INFO] [stderr]    Compiling quote v1.0.7
[INFO] [stderr]    Compiling termion v1.5.5
[INFO] [stderr]    Compiling users v0.11.0
[INFO] [stderr]    Compiling filetime v0.2.13
[INFO] [stderr]    Compiling textwrap v0.11.0
[INFO] [stderr]    Compiling getopts v0.2.21
[INFO] [stderr]    Compiling clap v2.33.3
[INFO] [stderr]    Compiling pretty-bytes v0.2.2
[INFO] [stderr]    Compiling num-integer v0.1.44
[INFO] [stderr]    Compiling chrono v0.4.19
[INFO] [stderr]    Compiling structopt-derive v0.4.13
[INFO] [stderr]    Compiling structopt v0.3.20
[INFO] [stderr]    Compiling nat-poc v0.2.2 (/opt/rustwide/workdir)
[INFO] [stdout] error[E0308]: mismatched types
[INFO] [stdout]  --> src/utils/perms.rs:6:60
[INFO] [stdout]   |
[INFO] [stdout] 6 |   let user = masking(mode, S_IRUSR as u16, S_IWUSR as u16, S_IXUSR);
[INFO] [stdout]   |                                                            ^^^^^^^ expected `u16`, found `u32`
[INFO] [stdout]   |
[INFO] [stdout] help: you can convert a `u32` to a `u16` and panic if the converted value doesn't fit
[INFO] [stdout]   |
[INFO] [stdout] 6 |   let user = masking(mode, S_IRUSR as u16, S_IWUSR as u16, S_IXUSR.try_into().unwrap());
[INFO] [stdout]   |                                                            ^^^^^^^^^^^^^^^^^^^^^^^^^^^
[INFO] [stdout] 
[INFO] [stdout] 
[INFO] [stdout] error[E0308]: mismatched types
[INFO] [stdout]  --> src/utils/perms.rs:7:61
[INFO] [stdout]   |
[INFO] [stdout] 7 |   let group = masking(mode, S_IRGRP as u16, S_IWGRP as u16, S_IXGRP);
[INFO] [stdout]   |                                                             ^^^^^^^ expected `u16`, found `u32`
[INFO] [stdout]   |
[INFO] [stdout] help: you can convert a `u32` to a `u16` and panic if the converted value doesn't fit
[INFO] [stdout]   |
[INFO] [stdout] 7 |   let group = masking(mode, S_IRGRP as u16, S_IWGRP as u16, S_IXGRP.try_into().unwrap());
[INFO] [stdout]   |                                                             ^^^^^^^^^^^^^^^^^^^^^^^^^^^
[INFO] [stdout] 
[INFO] [stdout] 
[INFO] [stdout] error[E0308]: mismatched types
[INFO] [stdout]  --> src/utils/perms.rs:8:61
[INFO] [stdout]   |
[INFO] [stdout] 8 |   let other = masking(mode, S_IROTH as u16, S_IWOTH as u16, S_IXOTH);
[INFO] [stdout]   |                                                             ^^^^^^^ expected `u16`, found `u32`
[INFO] [stdout]   |
[INFO] [stdout] help: you can convert a `u32` to a `u16` and panic if the converted value doesn't fit
[INFO] [stdout]   |
[INFO] [stdout] 8 |   let other = masking(mode, S_IROTH as u16, S_IWOTH as u16, S_IXOTH.try_into().unwrap());
[INFO] [stdout]   |                                                             ^^^^^^^^^^^^^^^^^^^^^^^^^^^
[INFO] [stdout] 
[INFO] [stdout] 
[INFO] [stdout] error: aborting due to 3 previous errors
[INFO] [stdout] 
[INFO] [stdout] 
[INFO] [stdout] For more information about this error, try `rustc --explain E0308`.
[INFO] [stdout] 
[INFO] [stderr] error: could not compile `nat-poc`
[INFO] [stderr] 
[INFO] [stderr] To learn more, run the command again with --verbose.
[INFO] running `Command { std: "docker" "inspect" "2cb0f5e5f82e0ee0f40cc180f90ef0e8e9fb982a58ed6ff6f1ef7cbd587c634d", kill_on_drop: false }`
[INFO] running `Command { std: "docker" "rm" "-f" "2cb0f5e5f82e0ee0f40cc180f90ef0e8e9fb982a58ed6ff6f1ef7cbd587c634d", kill_on_drop: false }`
[INFO] [stdout] 2cb0f5e5f82e0ee0f40cc180f90ef0e8e9fb982a58ed6ff6f1ef7cbd587c634d
